. What is the remainder when k(-7) is divided by 9?
6
Let d(c) = -6*c - 2. What is the remainder when 11 is divided by d(-1)?
3
Suppose -4*r + 29 = 2*j - 3, 3*j - 4*r - 48 = 0. Calculate the remainder when j is divided by 6.
4
Let p = 222 - 148. What is the remainder when p is divided by 19?
17
Let y(g) be the second derivative of -g**3/6 - g**2/2 - 3*g. Calculate the remainder when 7 is divided by y(-4).
1
Let f(u) be the third derivative of -u**6/120 + u**5/12 + u**4/24 - 3*u**3/2 - 5*u**2. What is the remainder when 6*-5*(-2)/3 is divided by f(4)?
9
Let k(m) = 25*m**3 - 2*m**2 + 4*m - 2. Calculate the remainder when k(1) is divided by 13.
12
Suppose 3*z + 2 = z. Suppose -6*k = -k - 30. What is the remainder when z*(-2 + 19)*-1 is divided by k?
5
Let a = 90 - 64. Let o(j) = 23*j + 8. Calculate the remainder when o(3) is divided by a.
25
Suppose u - 47 = 3. What is the remainder when u is divided by 738/45 - (-1 - 6/(-15))?
16
Suppose 5*r = -4 - 1, 3*o - 88 = r. Suppose -i + 3*i + 34 = 2*p, 37 = 3*p + 4*i. Calculate the remainder when o is divided by p.
14
Let u(y) = y**2 + 10*y - 10. Suppose 4*s - 229 = -69. What is the remainder when s is divided by u(-12)?
12
Let n(x) = -x**2 + 10*x. Suppose -4*d - 6 = -2*v - 0*v, 3*d = -2*v + 27. What is the remainder when 16 is divided by n(v)?
7
Suppose -47*f + 36 = -43*f. Calculate the remainder when 17 is divided by f.
8
Suppose 4*i = 48 - 20. What is the remainder when 25 is divided by i?
4
Suppose 50*a - 33*a = 1088. Let t = 2 + -4. What is the remainder when a is divided by (1/t)/(1/(-44))?
20
Let n = 1 + -5. Calculate the remainder when 51 is divided by (0 + 2)/(n/(-26)).
12
Let f(z) = 2*z**2 - 2*z - 9. Let o be f(7). Suppose v = 2*g - 2*v - o, -5*v - 195 = -5*g. What is the remainder when g is divided by 15?
12
Let s(u) = u**3 + 3*u**2 - 5*u - 1. Let b be s(-4). Suppose -v + b*v = 4. Let n(f) = -f**2 + 5*f. Calculate the remainder when n(4) is divided by v.
0
Suppose -4 = 2*t, 3*t + 85 = 4*i - 1. Calculate the remainder when 116 is divided by i.
16
Let t be 64/10 + (-6)/15. Suppose u = 2*u - t. What is the remainder when 23 is divided by 30*(u/15)/1?
11
Calculate the remainder when 37 is divided by (-576)/(-30) + 1*1/(-5).
18
Let r(a) = -a**3 - 4*a**2 - 5*a - 4. Let n be r(-3). Suppose 50 = 2*s + 2*s + n*j, -5*s - 2*j + 62 = 0. What is the remainder when s is divided by 7?
5
Let z(s) = -s**3 - s**2 + 7*s - 3. Let u(v) = 3*v**3 + 4*v**2 - 22*v + 9. Let m(j) = -2*u(j) - 7*z(j). What is the remainder when 11 is divided by m(3)?
5
Suppose 0 = 2*n - 6 - 0. Calculate the remainder when 6 is divided by n.
0
Let a(y) = -y**2 + 6*y + 9. Let c be a(7). Suppose -u - 2*w + 320 = u, u + c*w - 162 = 0. What is the remainder when u/3 + 2/(-3) is divided by 18?
16
Let p be (-7)/((-15)/(-9) + -2). Let k = p + -18. Calculate the remainder when 6 is divided by k.
0
Let i = 8 - -32. Suppose f = -f + i. What is the remainder when f is divided by 7?
6
Let j(l) = -54*l**3 - 2*l**2 + l + 2. Suppose -114 + 28 = -5*x - 4*a, 66 = 5*x - a. What is the remainder when j(-1) is divided by x?
11
Let d = 33 - 23. What is the remainder when 18 is divided by d?
8
Let b be (2/(-6) - 0)*0. Let d = 13 - -2. What is the remainder when 43 - 0/(-3) - b is divided by d?
13
Let i(v) = v + 14. Let g be i(-11). Suppose -1 = -2*x + g*k, 5*k = -2*x - 1 - 6. Calculate the remainder when x/1*(4 + -9) is divided by 3.
2
Let y(j) = 2*j**2 + 3*j - 1. Let a be y(-3). What is the remainder when 27 is divided by a/8*(-2 + 9)?
6
Let h(v) = 3*v**2 + 6*v + 8. Let c(w) = -8*w**2 - 17*w - 23. Let b(d) = 4*c(d) + 11*h(d). Calculate the remainder when b(-3) is divided by ((-4)/3)/(2/(-6)).
3
Suppose -6 = -4*d + 6, 4*h + 4*d = 104. What is the remainder when 114 is divided by h?
22
Let z be (1 + 1)/1 + 1. Let t(l) = -2 - 3*l**3 - 2*l**2 + 2*l**z - 4*l + 10*l. Calculate the remainder when t(-5) is divided by 15.
13
Let j be 4/14 + 32/(-14). Suppose -q - 3*z = -6*z - 29, -2*q - 5*z + 102 = 0. What is the remainder when 21/(-14) - q/j is divided by 10?
9
Let d be ((-2)/(-2))/((-2)/10). What is the remainder when (12/d)/((-15)/100) is divided by 9?
7
Let r be (-12)/(-8)*4/(-3). Let n = r + 8. Calculate the remainder when 21 is divided by n.
3
Suppose 0 = -j + 2 + 2. Suppose -4*p - 3*i + 50 = 0, j*i - 6 = -p - 0*i. Let b = -118 + 123. Calculate the remainder when p is divided by b.
4
Suppose 0*j + j - 3 = 0. Suppose 1 = j*g - 5. Suppose 2*c - 6*c + 5*n = 3, 0 = 2*c + 4*n - 18. Calculate the remainder when c is divided by g.
1
Suppose -5*v + 3*b = -144, 7*b = 2*v + 2*b - 69. Suppose 4*z - 1 - v = 0. What is the remainder when z is divided by 3?
1
Let t(i) = i**3 - 10*i**2 - 12*i + 12. Let z be t(11). Let v = 29 - z. Suppose -16 - v = -4*k. What is the remainder when 20 is divided by k?
9
What is the remainder when 34 is divided by (-2)/(-7) + 372/21?
16
Suppose -2*z + 6*z = 24. Let h be 1/3 - 35/(-21). Let x = z + h. What is the remainder when 23 is divided by x?
7
Let l(p) = p**3 - 24*p**2 + 25*p + 7. What is the remainder when l(23) is divided by 19?
15
Let b(u) = u**2 + 10*u + 5. Let n be (3/(-6))/(3/42). Let y(h) = h**3 + 6*h**2 - 5*h + 4. Let q be y(n). What is the remainder when 9 is divided by b(q)?
4
Suppose -5*x - 7 + 22 = 0. What is the remainder when 14 is divided by x?
2
Suppose 2*k = -3*u + 7, -14 = -2*u + 2*k + 4. Suppose 0 = u*f - 220 - 85. What is the remainder when f is divided by 21?
19
Let p = -72 - -146. What is the remainder when p is divided by 26?
22
Let a(t) = -t**3 - t**2 + t + 9. Let o be a(0). Suppose 57 = 4*n + o. Calculate the remainder when 24 is divided by 2/(-3) - (-164)/n.
11
Let d = -21 - -29. Suppose 4*n = -4*r + 20, 0 = -2*r + 4*n + 2 - 4. Calculate the remainder when d is divided by r.
2
Let i = -9 + 9. Suppose -4*j - 140 = -3*q, i = j + 2*q + 7 + 17. Let p = -13 - j. What is the remainder when p is divided by 10?
9
Let k = -10 + 23. Let f = 2 + 3. Let b(x) = x**3 - 3*x**2 - 2*x - 4. Calculate the remainder when b(f) is divided by k.
10
Suppose 3*a - 106 = p + 130, 3*a - 4*p = 251. What is the remainder when a is divided by 13?
12
Suppose -j + c + 20 = 0, 39 = 3*j - c - 21. What is the remainder when 77 is divided by j?
17
Suppose 5*l = 9*l. Suppose -2*m + l*m + 26 = 0. Calculate the remainder when 49 is divided by m.
10
Suppose 3*y + 9 = 0, -d - 5*y = -2*d + 65. Let p = -18 + 23. Suppose -85 = -p*x - 0*x. What is the remainder when d is divided by x?
16
Suppose 0*t = -2*t - u + 6, -4*t - u + 16 = 0. Calculate the remainder when 17 is divided by t.
2
Suppose 4*f + 2 = 2*u, -f + u - 4*u + 3 = 0. Suppose -5*d - 3*r + 200 = f, 0*d + 3*r = 3*d - 144. What is the remainder when d is divided by 22?
21
Let v(c) = 3*c. Let o be v(1). Suppose 4*k + 11 - 46 = -i, -o*k = -12. Suppose 2*u = i + 13. Calculate the remainder when 30 is divided by u.
14
Let a(v) = -v**2 + 15*v + 4. Let l(w) = -w - 1. Let p(c) = a(c) + 6*l(c). What is the remainder when p(8) is divided by 4?
2
Let m = 176 - 117. Calculate the remainder when m is divided by 16.
11
Let w = 64 - 38. Calculate the remainder when w is divided by 7.
5
Suppose s - 17 + 6 = 0. Calculate the remainder when 43 is divided by s.
10
Suppose -4*q = -7*q + 36. Let o = 17 - q. What is the remainder when 13 is divided by o?
3
Suppose -5*f = -74 + 9. Let z be -5*(0 - 1/1). Suppose 0 = -z*l + 35. What is the remainder when f is divided by l?
6
Suppose 0*c = -2*c + 8. Let h(x) = x**2 - 2*x + 3. Suppose d - 6*d = -105. What is the remainder when d is divided by h(c)?
10
Suppose -15 = 5*k + 5. Let q = k + 18. Calculate the remainder when 40 is divided by q.
12
Let k = 35 - 19. Suppose 5 = 2*v - 13. Calculate the remainder when k is divided by v.
7
Suppose -3*k - 4*l + 155 = -8*l, 98 = 2*k - 4*l. Calculate the remainder when k is divided by 85/3 - 4/(-6).
28
Suppose -4*u + 1 = -67. Let c be (0 + 10)*(-3 - -5). Suppose -c = 5*b, -b = -3*x + b + 101. What is the remainder when x is divided by u?
14
Suppose -7*d + 105 = -7. What is the remainder when (-2 - 1)*62/(-3) is divided by d?
14
Let g = -8 + 28. Let o = -11 + g. Calculate the remainder when 22 is divided by o.
4
Let r = 4 - 4. Let h be 1*(-8)/(-1) - r. Calculate the remainder when 1 is divided by h/6 - 1/3.
0
Let y be ((-42)/9)/1*-3. Let v 